{"id":682,"date":"2020-08-27T12:22:38","date_gmt":"2020-08-27T11:22:38","guid":{"rendered":"http:\/\/juwelier-luger.de\/?page_id=682"},"modified":"2020-09-08T17:46:54","modified_gmt":"2020-09-08T16:46:54","slug":"ti-sento","status":"publish","type":"page","link":"https:\/\/juwelier-luger.de\/?page_id=682","title":{"rendered":"Ti Sento"},"content":{"rendered":"<p><img loading=\"lazy\" decoding=\"async\" class=\"aligncenter  wp-image-748\" src=\"http:\/\/juwelier-luger.de\/wp-content\/uploads\/2020\/08\/logo-1-1024x536.png\" alt=\"\" width=\"596\" height=\"312\" srcset=\"https:\/\/juwelier-luger.de\/wp-content\/uploads\/2020\/08\/logo-1-1024x536.png 1024w, https:\/\/juwelier-luger.de\/wp-content\/uploads\/2020\/08\/logo-1-300x157.png 300w, https:\/\/juwelier-luger.de\/wp-content\/uploads\/2020\/08\/logo-1-768x402.png 768w, https:\/\/juwelier-luger.de\/wp-content\/uploads\/2020\/08\/logo-1.png 1200w\" sizes=\"auto, (max-width: 596px) 100vw, 596px\" \/>Im Laufe der Jahre hat TI Sento die Messlatten f\u00fcr Silberschmuck sehr hoch gelegt. Die Firma bietet Schmuck in h\u00f6chster Qualit\u00e4t zu einem akzeptablen Preis an. Die Designs sind in Aussehen und Tragbarkeit vollendet.<\/p>\n<p>Um dem Silber extra Glanz zu verleihen, sind alle Schmuckst\u00fccke mit Rhodium plattiert, was auch gleichzeitig einen Schutz gegen Kratzer und Verf\u00e4rbungen bietet. Einige Artikel der Kollektion sind mit Gelbgold oder Ros\u00e9gold ( 18 Karat, 3 Mikron dick )veredelt.Verwendete Steine sind oftmals Zirkonia, ein synthetischer Stein aus Naturmaterial. Ringe sind in 7 Gr\u00f6\u00dfen von 48 bis 60 erh\u00e4ltlich. Armb\u00e4nder sind mit einer L\u00e4nge von 16-17 cm und einer Verl\u00e4ngerung von 3.-4 cm designt.<\/p>\n<p>&nbsp;<\/p>\n<p>&nbsp;<\/p>\n<p>&nbsp;<\/p>\n","protected":false},"excerpt":{"rendered":"<p>Im Laufe der Jahre hat TI Sento die Messlatten f\u00fcr Silberschmuck sehr hoch gelegt. Die Firma bietet Schmuck in h\u00f6chster Qualit\u00e4t zu einem akzeptablen Preis an. Die Designs sind in Aussehen und Tragbarkeit vollendet. Um dem Silber extra Glanz zu verleihen, sind alle Schmuckst\u00fccke mit Rhodium plattiert, was auch gleichzeitig einen Schutz gegen Kratzer und <a class=\"more-link\" href=\"https:\/\/juwelier-luger.de\/?page_id=682\">Weiterlesen&#8230;<\/a><\/p>\n","protected":false},"author":3,"featured_media":0,"parent":23,"menu_order":0,"comment_status":"closed","ping_status":"closed","template":"","meta":{"footnotes":""},"class_list":["post-682","page","type-page","status-publish","hentry"],"aioseo_notices":[],"_links":{"self":[{"href":"https:\/\/juwelier-luger.de\/index.php?rest_route=\/wp\/v2\/pages\/682","targetHints":{"allow":["GET"]}}],"collection":[{"href":"https:\/\/juwelier-luger.de\/index.php?rest_route=\/wp\/v2\/pages"}],"about":[{"href":"https:\/\/juwelier-luger.de\/index.php?rest_route=\/wp\/v2\/types\/page"}],"author":[{"embeddable":true,"href":"https:\/\/juwelier-luger.de\/index.php?rest_route=\/wp\/v2\/users\/3"}],"replies":[{"embeddable":true,"href":"https:\/\/juwelier-luger.de\/index.php?rest_route=%2Fwp%2Fv2%2Fcomments&post=682"}],"version-history":[{"count":4,"href":"https:\/\/juwelier-luger.de\/index.php?rest_route=\/wp\/v2\/pages\/682\/revisions"}],"predecessor-version":[{"id":749,"href":"https:\/\/juwelier-luger.de\/index.php?rest_route=\/wp\/v2\/pages\/682\/revisions\/749"}],"up":[{"embeddable":true,"href":"https:\/\/juwelier-luger.de\/index.php?rest_route=\/wp\/v2\/pages\/23"}],"wp:attachment":[{"href":"https:\/\/juwelier-luger.de\/index.php?rest_route=%2Fwp%2Fv2%2Fmedia&parent=682"}],"curies":[{"name":"wp","href":"https:\/\/api.w.org\/{rel}","templated":true}]}}