{"id":198,"date":"2016-12-30T20:02:36","date_gmt":"2016-12-30T19:02:36","guid":{"rendered":"http:\/\/juwelier-luger.de\/?page_id=198"},"modified":"2020-08-27T12:11:34","modified_gmt":"2020-08-27T11:11:34","slug":"oris","status":"publish","type":"page","link":"https:\/\/juwelier-luger.de\/?page_id=198","title":{"rendered":"Oris"},"content":{"rendered":"<p><img loading=\"lazy\" decoding=\"async\" class=\"aligncenter size-full wp-image-664\" src=\"http:\/\/juwelier-luger.de\/wp-content\/uploads\/2016\/12\/Oris_Logo_Lockup_pos_RGB_Microsoft_Exel_Original_8451.jpg\" alt=\"\" width=\"567\" height=\"253\" srcset=\"https:\/\/juwelier-luger.de\/wp-content\/uploads\/2016\/12\/Oris_Logo_Lockup_pos_RGB_Microsoft_Exel_Original_8451.jpg 567w, https:\/\/juwelier-luger.de\/wp-content\/uploads\/2016\/12\/Oris_Logo_Lockup_pos_RGB_Microsoft_Exel_Original_8451-300x134.jpg 300w\" sizes=\"auto, (max-width: 567px) 100vw, 567px\" \/><\/p>\n<p>Seit \u00fcber 100 Jahren stellt Oris in der Schweiz Uhren her. Diese Uhren funktionieren ausschlie\u00dflich mechanisch und werden durch ihr eigenst\u00e4ndiges Design und einen roten Rotor charakterisiert, der als Symbol f\u00fcr High-Mech von Oris steht.<\/p>\n<p>Die Schweizer Marke ist au\u00dfer in\u00a0der Uhrenherstellung auch im kulturellen und sportlichen Bereich sehr aktiv. So unterst\u00fctzt Oris unter anderem Berufstaucher, Kunstflieger, das Williams F1 Team im Motorsport und ist Hauptsponsor des London Jazz Festivals seit 1996. Aus all diesen Partnerschaften entstehen immer wieder neue Uhrenmodelle,\u00a0die dank des professionellen Austauschs vor allem im Sportbereich neue Technologien mit sich bringen.<\/p>\n<p>Das Markenzeichen von Oris, 1904 gegr\u00fcndet, ist ein roter Rotor \u2013 als Zeichen f\u00fcr die Leidenschaft, mit der die Schweizer Marke mechanische Uhren fertigt.<\/p>\n<h1 style=\"text-align: center;\">Entdecken Sie ORIS<\/h1>\n<h1 style=\"text-align: center;\"><a class=\"customize-unpreviewable\" href=\"https:\/\/www.oris.ch\/de\/\">&lt;&lt;Bitte hier klicken&gt;&gt;<\/a><\/h1>\n","protected":false},"excerpt":{"rendered":"<p>Seit \u00fcber 100 Jahren stellt Oris in der Schweiz Uhren her. Diese Uhren funktionieren ausschlie\u00dflich mechanisch und werden durch ihr eigenst\u00e4ndiges Design und einen roten Rotor charakterisiert, der als Symbol f\u00fcr High-Mech von Oris steht. Die Schweizer Marke ist au\u00dfer in\u00a0der Uhrenherstellung auch im kulturellen und sportlichen Bereich sehr aktiv. So unterst\u00fctzt Oris unter anderem <a class=\"more-link\" href=\"https:\/\/juwelier-luger.de\/?page_id=198\">Weiterlesen&#8230;<\/a><\/p>\n","protected":false},"author":1,"featured_media":0,"parent":21,"menu_order":0,"comment_status":"closed","ping_status":"closed","template":"","meta":{"footnotes":""},"class_list":["post-198","page","type-page","status-publish","hentry"],"aioseo_notices":[],"_links":{"self":[{"href":"https:\/\/juwelier-luger.de\/index.php?rest_route=\/wp\/v2\/pages\/198","targetHints":{"allow":["GET"]}}],"collection":[{"href":"https:\/\/juwelier-luger.de\/index.php?rest_route=\/wp\/v2\/pages"}],"about":[{"href":"https:\/\/juwelier-luger.de\/index.php?rest_route=\/wp\/v2\/types\/page"}],"author":[{"embeddable":true,"href":"https:\/\/juwelier-luger.de\/index.php?rest_route=\/wp\/v2\/users\/1"}],"replies":[{"embeddable":true,"href":"https:\/\/juwelier-luger.de\/index.php?rest_route=%2Fwp%2Fv2%2Fcomments&post=198"}],"version-history":[{"count":5,"href":"https:\/\/juwelier-luger.de\/index.php?rest_route=\/wp\/v2\/pages\/198\/revisions"}],"predecessor-version":[{"id":419,"href":"https:\/\/juwelier-luger.de\/index.php?rest_route=\/wp\/v2\/pages\/198\/revisions\/419"}],"up":[{"embeddable":true,"href":"https:\/\/juwelier-luger.de\/index.php?rest_route=\/wp\/v2\/pages\/21"}],"wp:attachment":[{"href":"https:\/\/juwelier-luger.de\/index.php?rest_route=%2Fwp%2Fv2%2Fmedia&parent=198"}],"curies":[{"name":"wp","href":"https:\/\/api.w.org\/{rel}","templated":true}]}}